13 + (4 - -2 - (67 + 40 + -4 + 0)).
-110
(63 - (8 + 1 - (41 - 38)) - 9) + 1
49
What is (-1 - 125) + (0 - 1 - (213 + -230))?
-110
Calculate (-46 - (12 + (24 - 12 - 13)) - 1) + -13.
-71
Evaluate 8 + (0 - -4 - (-4 - (13 + 6))).
35
(-1 - -2) + -4 + (5 - 17) + 65 + -18
32
What is 98 + 59 + -180 - (-2 + -14)?
-7
Evaluate -41 - (33 + (-9 - 34)).
-31
What is the value of (-1 - -11) + 127 + (-23 - 80)?
34
What is 30 + 60 - (42 + 65)?
-17
Calculate (-5 - (-5 - (25 - 31))) + (-44 - -2) + 0.
-48
Evaluate 55 - 24 - 21 - (10 + -1 - (37 - 39)).
-1
What is (55 + -28 - 19) + 0 + (17 - -5)?
30
What is the value of 28 + 80 + -114 + (-1 - 22)?
-29
Calculate (-11 - -5) + 89 + (-7 - 38).
38
What is the value of (-5 - -63) + (-229 - -270)?
99
What is the value of 14 + -42 - 5 - (0 + (0 - -10))?
-43
-5 + -26 + 10 - -17 - (-57 + -2 + -2)
57
What is 8 + (36 - 42) + 9 + -59 + -1 + 1?
-48
Calculate -3 - (22 + 5) - (-43 + 35 - -5).
-27
What is the value of 11 + (-10 - -9 - -13 - (22 + -25))?
26
(79 - (239 + -80)) + 37
-43
Calculate -6 - (5 - 26) - 14 - -75.
76
What is the value of (-28 - (17 + -53) - -61) + (4 - (2 - 1))?
72
28 + -2 + 32 + -46
12
Evaluate 38 + (-1 - (0 + 12)) + (468 - 447).
46
5 + -121 + 4 + (-147 - -139 - (1 + -13))
-108
What is the value of -1 - 1 - 14 - (-202 + 118 + 175)?
-107
What is -19 - 1 - (-358 - -319)?
19
(8 - ((5 - 26) + 56)) + 15
-12
Calculate (-28 - (-48 + (28 - 0))) + 4 + -3 + 52.
45
What is the value of 49 + 59 + (-33 - -30) + -27?
78
Calculate -5 + 1 + (-88 - -97) + (-20 - -2).
-13
What is -1 - ((22 - -4) + -29 - (-66 + -3))?
-67
What is the value of -22 - (-1 + 8 - -31)?
-60
-10 - (6 + 9 + (-39 - -8))
6
1255 + -1257 + (2 - -9)
9
Evaluate (-63 - -21 - -38) + -11 + -4.
-19
What is the value of 19 + (-99 - (-36 - 3))?
-41
What is -50 + -2 + -5 + (461 - 440)?
-36
What is the value of 5 - 104 - (-898 + 862)?
-63
What is (-33 + (53 - 18) - 26) + 8 + -55?
-71
Evaluate (8 - 4 - 3) + -38 + 21 + 8.
-8
What is the value of 0 + -11 + (-103 - -108 - (1 - 9))?
2
-1 + 1 - (16 + -7) - (28 + (-82 - -27))
18
Evaluate -2 + 1 - ((-10 - (12 + 19)) + (-3 - -15)).
28
Calculate -107 + 172 + (6 - -43).
114
Calculate -23 + 39 + -70 + 11.
-43
Evaluate (-88 - (-6 + (-4 - 18) - -10)) + -3 + 10.
-63
(-11 - -17) + -4 - 1 - (-4 + -91 + 24)
72
What is the value of 72 + (-84 - 99) + (41 - 2)?
-72
Calculate (0 - -46) + -2 + 1 - (139 + -134).
40
What is (-19 - -4) + -15 + (129 - (25 + 2))?
72
What is 3 - (2 - 27) - (800 - 765)?
-7
Calculate (12 - 20) + -9 + (-3 + 95 - -8).
83
What is -14 + (0 - -1) + (95 - (-43 + 138)) - 51?
-64
What is (22 + 32 - 53) + -42?
-41
(32 - 20) + -73 + 58
-3
What is 1 - 24 - 96 - -58?
-61
Evaluate 15 + (30 - -25) + -18.
52
What is the value of (-1 - -2) + (-1 - 46 - (-8574 - -8479))?
49
Evaluate (9 - (-33 + (-11 - -49))) + (58 - -2).
64
Evaluate 150 - (-12 + 141) - -22.
43
Calculate 26 + (-23 - -12) - -17.
32
Calculate (-7 - (-9 + -11)) + (1 + -8 - (11 - 22)).
17
Evaluate -107 + -19 - -90 - (0 + 0 + -1).
-35
0 + 29 - (246 - 259 - (1 - 14))
29
Calculate (17 - 0) + -19 - (-6 + 2 + 76 + -10).
-64
46 + (-4 - (13 - (1 + 9) - (2 + 7)))
48
-3 + 9 + 21 + -1 + -305 + 297 + 1
19
What is -1 + 16 - ((23 - 18) + -22)?
32
Calculate 76 - 153 - -144 - 5.
62
Evaluate 36 + -116 + 93 - (10 - 0).
3
What is 29 + -1 - (-1099 + 1152)?
-25
What is the value of 4 + 237 + -235 + 3 + -3 + -49?
-43
What is the value of -17 + -4 - (-11 + 4 - -23)?
-37
What is -4 + (-2 - -48) + 13 + -18 + 9?
46
What is 18 + -51 - (14 - 16)?
-31
Evaluate -52 + -8 + -30 - -50.
-40
Evaluate 5 + -54 + 12 + 19 + 43.
25
What is the value of -28 + 27 + 35 + (12 - 11)?
35
Calculate (-220 - (224 - 524)) + (-1 + -1 - 6).
72
Evaluate (-85 - -1) + (10 - 2) + (20 - 12) + -4.
-72
What is (-1 - -61) + -9 + (-16 - -35) + -23?
47
What is 18 + (10 - 12) + -24?
-8
What is -73 + 86 + (-14 - -2) - (6 - 72 - -9)?
58
749 + -691 - (28 + 1) - (0 + (1 - 7))
35
Evaluate 11 + -30 + 42 - 10.
13
Evaluate 21 + (-42 - (-204 + 97)).
86
Evaluate -808 - -704 - (-1 + -1 - -11) - -21.
-92
What is the value of 0 + (1 - 8) + (-92 - (-21 + 51 - 76))?
-53
64 - (-7 + 8 - -3) - 6
54
Calculate 119 + -7 - (1965 - 1723).
-130
11 + 2 + -104 + (29 - 7) + 14
-55
Evaluate 8 + -4 + 4 - (2365 - 2413).
56
34 - (-37 - -14 - -93)
-36
(-794 - -598) + (-3 - -34) - (1 - (-2 + 19))
-149
Evaluate (18 - (-6 - 1) - 24) + 2 + 42.
45
Evaluate 1 - (-44 + (17 - -7)) - (2 + 13) - 5.
1
-37 + -31 + (5 - -31) + -24
-56
Calculate 20 + -27 + (16 - -1 - 13) + -50 + -1.
-54
What is 3 + 9 + (-26 - ((7 - 13) + 6))?
-14
What is -5 + 0 + (-1 - (-2 + -9 + 10)) + -18?
-23
Evaluate -21 + -6 + 22 + 8 + 5.
8
(19 - 0) + (219 - 225) - (-7 - -108)
-88
What is (-124 - -43) + (19 - -19)?
-43
Calculate 1 + (-1 - -8) - (-8702 - -8748).
-38
What is -5 + 23 + -8 + -4 + (33 - 15)?
24
Calculate 7 - (-19 + 37) - (38 + 2).
-51
What is the value of 7 - (28 + -42 - (10 - (5 - (17 - 5))))?
38
What is the value of 6838 - 6859 - (-1 + -31)?
11
What is -1 + -7 - -4 - -11 - (142 - 95)?
-40
-23 + 1 + (47 - 40 - 3)
-18
Evaluate 61 - 47 - ((10 - 2) + 97).
-91
Evaluate -114 + -2 + 19 + 13 + -7.
-91
Calculate -4 + 63 + (-2 - 4) - (-5 - (-2 + -7)).
49
18 + -6 - (-49 + 142)
-81
Calculate 34 - (53 - (-163 + 285)).
103
What is the value of -8 - (-5 + (-5 - (23 + -43)))?
-18
10 + 8 + (-36 - -45) + 0 + -73
-46
Calculate -7 - (7 - 40 - (-129 + 90)).
-13
What is the value of -111 + (23 + -3 - (-415 + 404))?
-80
56 + (-52 - 50) - -47
1
24 - (8 - (-5 + 11) - -19)
3
(1 - -16) + -70 + (19 - 38)
-72
What is 22 - (-7 - (-17 + 8) - -23)?
-3
What is (-1517 - -1650) + (0 + -27 - 5)?
101
Evaluate -24 + (-2 + 1 - (183 + -77 - 87)).
-44
Calculate (-24 - (10 - (12 + 0))) + 10 + -18.
-30
Calculate (24 - 1) + -278 + 265 - 3 - (1 - -7).
-1
What is the value of (23 - -1) + -61 + (44 - -25)?
32
Calculate 89 + (-24 + (21 - -14) - (2 - -4 - -9)).
85
What is 74 + (44 + -189 - -89)?
18
What is the value of -16 + 19 + 6 - (18 - -58)?
-67
What is -3 + -25 + -5 + (22 - -28) + -32?
-15
What is (-230 - -49) + 183 - (104 - 1 - 3)?
-98
Evaluate 25 - (48 + (56 + -24 - 13)).
-42
Calculate 1 + 11 + 28 + -14 + 2 + -14.
14
What is the value of (11 - 6) + -12 + 23 - 36?
-20
What is the value of 1 - 39 - (-98 - -204 - 106)?
-38
Evaluate (27 - (21 + -32) - 18) + -4.
16
Evaluate -7 - -10 - -8 - (-2 + -5 - 29).
47
(-7 - -10) + 7 + 0 + (-65 - (0 - 0))
-55
Calculate -4 + 19 - (14 - ((-4 - -14) + -7)).
4
Calculate 31 + 20 + (-34 - 3) + 8.
22
Evaluate 97 + -111 + 0 + -6 + -13.
-33
((-7 - -19) + -6 - -7) + -43
-30
8 + (-11 - 3 - (-59 + (20 - 1)))
34
What is -20 + (-6 - (-20 - (5 + 3 + -3 + -11)))?
-12
Evaluate (0 - (-10 + 8 - -3)) + -9 - (-42 - -80).
-48
What is the value of (-5 - -16) + -22 + 45 + -4 + -1?
29
What is the value of (6 - (-3 - -6) - (9 + -15)) + 25 + 71?
105
-7 + (3 - 13) + -34 + 60
9
Evaluate -27 - ((-72 - -37) + 15).
-7
What is the value of 0 + (28 - (-73 + 67))?
34
Calculate (-694 - -630) + 6 + 13.
-45
What is the value of (-2282 - -2188) + -2 + 9?
-87
6 + -2 - (0 + -21 - (-50 + 141) - -17)
99
Evaluate 71 + (-107 - (-23 - 29)).
16
7 - (48 - (25 + -28))
-44
4 + (-26 - (-49 + -3))
30
(2 - 9) + (-72 - (-155 - -130))
-54
Evaluate -38 + 27 + -33 + 24.
-20
4801 + -4841 - (10 - (1 + -2))
-51
Calculate (49 - (-35 + 79)) + 34.
39
Evaluate -26 + -69 + (-16 - (-9 + (1 - -3) - 0)).
-106
Evaluate 20 + -2 + -6 + -46 + 0.
-34
Calculate -246 + 267 + (-8 - -8 - 1 - 59).
-39
Calculate -2 - 20 - (-55 - (-13 + -12)).
8
What is the value of 116 - 147 - (-8 - 0)?
-23
What is -92 + -4 + 8 - (390 + -393 + 1 + 0)?
-86
(-10 - 1) + -27 + -30 + 67 + 41
40
Evaluate (-28 - (-6 - (0 - -2)) - -20) + (-2 - 26).
-28
What is the value of -7 + (8 - -33) - -7 - (-19 + 13)?
47
Calculate 16 - (28 + -41) - 54.
-25
What is the value of 15 + (-9 - 20) + 31 - -25?
42
Evaluate -1 + 0 - 16 - (-5576 + 5519).
40
What is the value of -20 - (-44 + 28 - (5 + -11))?
-10
What is the value of (-15 + 13 - 8) + (13 - 5) + 3?
1
Calculate -6 + ((15 - 9) + -5 - (22 + 0)).
-27
What is 26 + (3 - 1) + (5 - 7) - (51 - 52)?
27
What is the value of 79 + (13 + 42 - 92)?
42
(-7 - -112) + 5 + (-26 - -18 - -27)
129
Calculate 26 + (-39 - -46) + 7 + -168.
-128
Calculate 86 - 109 - -190 - 62.
105
-3 + -58 + (-109 + 94 - -25)
-51
Evaluate 88 + (58 - 153) + -43 + -2.
-52
(-128 - -117 - (-3 + -2 + 